prime factors of h?
2, 3
Let c(o) = -o**3 + 4*o + 8. List the prime factors of c(-6).
2, 5
Let f(z) = z**3 + 7*z**2 - 7*z - 7. Let d(w) = w**2 + 7*w + 2. Let r be d(-5). Let b be f(r). Let u = b + 27. List the prime factors of u.
2, 3
Suppose i = -5*d + 9 + 34, 2*i = d + 42. Let c = i - 7. List the prime factors of c.
2
Suppose 4*v = -2*c - 12, -2*v - 2 = 3*c + 28. Let n be 9*-10*c/30. Suppose -3*l - n = -7*l. List the prime factors of l.
3
What are the prime factors of (-3)/(-2)*(5 - 1518/(-18))?
2, 67
Suppose 5*q + 157 - 952 = 0. What are the prime factors of q?
3, 53
Let h(w) = -w**2 - 10*w + 1. Let b = -20 - -12. List the prime factors of h(b).
17
Let p = 11 - 5. Suppose p*h - 48 = 2*h. List the prime factors of h.
2, 3
Suppose 2*c + 0 - 26 = 0. List the prime factors of c.
13
Let l be (-30)/(-7) - (-4)/(-14). Let v(r) = 3*r - 3. Let j be v(l). Let u = 18 - j. List the prime factors of u.
3
Let j(x) = -x**2 + 10*x - 11. Let b be j(8). Suppose b*f + 34 = -26. What are the prime factors of ((-4)/f)/(2/42)?
7
Let y(l) = 10*l - 19. What are the prime factors of y(7)?
3, 17
Let h(c) = -c. Suppose 5 = -3*w - 10. Let a be h(w). Suppose 0 = 4*b + 5*o - 13, b = 3*b + a*o - 9. What are the prime factors of b?
2
Suppose -4*p + 1 = -15. Suppose -p*a + 128 = 2*x, 0 = -4*a + 2*a + 2*x + 76. Suppose 4*c - 5*d = a, 0*c - 3*d = 3*c - 39. What are the prime factors of c?
11
Suppose 4*k = -5 + 1. Let b(h) = 12*h**2 + h. Let v be b(-1). Let q = v - k. What are the prime factors of q?
2, 3
Let f = 20 + 8. Suppose -k - 6 + f = 0. List the prime factors of k.
2, 11
Let z(n) = -6*n**3 - 2*n + 1. List the prime factors of z(-2).
53
Let m = -17 - -29. List the prime factors of m + -9 + (-13)/(-1).
2
Let q = -11 - -18. What are the prime factors of q?
7
Suppose 5*c - 365 = 5*x, -4*c + 5*x + 0*x + 293 = 0. List the prime factors of c.
2, 3
List the prime factors of (-956)/(-8) - (-3)/2.
11
Suppose -4*r = -2*c - 136, -2*c + 81 = 2*r + 25. List the prime factors of r.
2
Let j(w) = -w**2 + 9*w - 5. Let a be j(7). List the prime factors of a*4*(-3)/(-12).
3
Let z(q) = -q**3 + 11*q**2 - 10*q. Let n be z(10). Suppose n*f + 22 = f. What are the prime factors of f?
2, 11
Let v(a) = 2*a**3 - 2*a - 1. List the prime factors of v(3).
47
Let l be 2 + ((-12)/1)/(-2). Let n = -6 + l. List the prime factors of n.
2
Let k = -2 + 6. Suppose -k*m - 4 = -60. What are the prime factors of m?
2, 7
Let i = 3 - 5. Let t be 27 + 1/i*-2. Let f = t + -16. List the prime factors of f.
2, 3
Let n(j) = j + 14. Let g be n(0). Let a = g + -22. Let r(q) = -q**3 - 7*q**2 + 6*q - 5. List the prime factors of r(a).
11
Let z be 0 + 2 - 0/(-6). Suppose -z*u + 13 = c, -u - 4 = -3*u + 2*c. List the prime factors of u.
5
Suppose 122 = 5*j + 42. Suppose 11 + 51 = 2*b. Let r = b - j. List the prime factors of r.
3, 5
Let z = 91 - 49. Let t = z - 29. What are the prime factors of t?
13
Suppose -2*d + 24 = 3*h - 0*d, -3*h - 4*d + 18 = 0. What are the prime factors of h?
2, 5
Let x(d) = -d**2 - 21*d - 20. What are the prime factors of x(-8)?
2, 3, 7
Let c(r) = r**2 - 6*r + 7. Let g be c(5). Suppose 28 = -3*n - 4*x, g*n - 4*x + 0*x - 8 = 0. Let k = n + 8. What are the prime factors of k?
2
Suppose 2*z = j + 6 + 2, 0 = -z + 5. Suppose 15 = -d + j*d. List the prime factors of d.
3, 5
Let s = 2 + -2. Suppose 2*n = -s*n + 10. Suppose 2*g + 2*r = -r + 2, -n*g - r + 18 = 0. What are the prime factors of g?
2
Let k(v) = v**3 - 18*v**2 + 19*v - 9. List the prime factors of k(17).
5
Let m = 133 - 63. What are the prime factors of m?
2, 5, 7
Suppose -2*u + 26 = -4*a, 0*u - 3*a + 91 = 5*u. Suppose -u = -3*f + 64. What are the prime factors of f?
3
Suppose -95 = -o + q, o - 2*q + 5*q = 75. What are the prime factors of o?
2, 3, 5
Let f = -24 - -44. What are the prime factors of f?
2, 5
Let i(w) = -2*w - 1. Let v(c) = -3*c - 2. Let p(z) = -7*i(z) + 4*v(z). Let t = 11 - 5. What are the prime factors of p(t)?
11
What are the prime factors of (-602)/(-42) - 2/(-3)?
3, 5
Suppose 4*l = -4*s - l + 24, -28 = -4*s - 4*l. What are the prime factors of s?
11
Suppose 15 - 3 = -4*q. Let u = 2 + 6. Let m = q + u. What are the prime factors of m?
5
Suppose 0 = 4*n + n. List the prime factors of 13 + n - (-1 - -2).
2, 3
Let i = 224 - 135. Let p = i - 62. Suppose -p = -3*a + 12. What are the prime factors of a?
13
Let y(d) = 23*d - 14. What are the prime factors of y(16)?
2, 3, 59
Let a = -7 - -9. Suppose 2*i = a, -5*c + 5*i + 89 = 4*i. List the prime factors of c.
2, 3
Suppose -5*t + 5*p = 0, 2*p + 3 = 3*t - 0*t. Suppose o - 11 = -4*v, -t*v + 5 = o - 2. List the prime factors of v.
2
What are the prime factors of (-5)/(-3) + -1 + 52/3?
2, 3
Suppose 3*a - s = 106, -3*a + 7*a = 5*s + 134. What are the prime factors of a?
2, 3
Suppose -2 = -4*l - 6. Let k = l - -3. Suppose -i = k*i - 6. What are the prime factors of i?
2
Suppose -2*h - 3 = -9. Let w be (3 - (h + -3)) + -11. Let c = w - -24. What are the prime factors of c?
2
Suppose 1 = g + 20. Let q = 28 + g. List the prime factors of q.
3
Let i(h) = 58*h**2. Let z be i(-1). Suppose 0 = 4*c - z - 118. List the prime factors of c.
2, 11
Let r(n) = -n**3 + 6*n**2 + 8*n - 5. Let u be r(7). Let l = u + -2. Suppose -2*w + 15 + 7 = l. List the prime factors of w.
11
List the prime factors of (6/(-4))/(60/(-8) + 7).
3
Let x be 24/(-3)*-1 + 0. List the prime factors of 126/x + 3/12.
2
Let s(i) = i**2 + 6*i + 7. Let o = -11 + 6. List the prime factors of s(o).
2
Suppose -2*s + 14 = -0*s. List the prime factors of s.
7
Let g(c) be the second derivative of c**5/20 + c**4/4 - c**3/2 - 2*c**2 + 4*c. Let v be g(-3). Suppose -93 = -v*s - 28. List the prime factors of s.
13
Let g(i) = -i**3 + 3*i**2 + 5*i - 4. Let b be g(4). Suppose 2*s = 2*w, -2*s - 3*s - 2*w + 21 = b. Suppose -s - 19 = -2*a. What are the prime factors of a?
11
Let j(y) be the first derivative of 1/2*y**2 - 4 + 6*y. What are the prime factors of j(7)?
13
Let l be -2*(3 + (-14)/4). Let c be l/(-3) + 40/12. Suppose 0 = 4*q, -o + 24 = 3*o + c*q. List the prime factors of o.
2, 3
Let y(c) = -c + 10. Let v be y(6). Suppose -5*d - 3*m + 18 = 0, 3*d - m - 5 = d. Suppose d*o = -n - n + 3, 0 = v*n - 5*o - 61. What are the prime factors of n?
3
Let s(l) = -2*l**2 - 3*l. Let t be s(-2). Let x(u) = -7*u**3 + u + 1. Let k be x(-1). What are the prime factors of k - (t - (-1 + -1))?
7
Let g = 27 + -24. Suppose -5*y + 19 = 2*x, y = 2*x + g*x - 61. What are the prime factors of x?
2, 3
Let u = -3 - -7. Suppose -u*k = -7*k - 135. What are the prime factors of (-125)/k - 4/(-18)?
3
Let x(c) = -2*c - 5. Let z(n) = n + 1. Let v(t) = -x(t) - 3*z(t). Let m be v(6). List the prime factors of (-24)/(-15) + m/(-10).
2
Let p = -113 + 156. List the prime factors of p.
43
Suppose -5*h + 991 = -499. What are the prime factors of h?
2, 149
Let z be -1 - 5/(5/3). What are the prime factors of 138/8 - (-1)/z?
17
Let g = 727 + -490. List the prime factors of g.
3, 79
Let g be -4*5/((-15)/6). Suppose -3*c - p = -g*c + 10, -5*p = -5*c + 30. What are the prime factors of -3*(c + -2 - 0)?
3
Suppose 13*f - 8*f = 800. What are the prime factors of f?
2, 5
Let g(w) be the first derivative of w**3/3 + w**2 + w - 2. Let u be g(-3). Suppose -2*d = 4*c + 2*d - 32, 0 = 2*c - u*d - 10. List the prime factors of c.
7
Suppose 0*x - 80 = -2*x. What are the prime factors of x?
2, 5
Let c(j) = -j**2 + 22*j - 36. List the prime factors of c(17).
7
Let w(z) = z**2 - z + 5. Let u be 1 + (0 + -3 - -2). Let l be w(u). Suppose 0 = -l*x - f - 2*f + 6, -5*f = 5*x. What are the prime factors of x?
3
Suppose 0 = v - 5*v. Let s be (-6)/(-2 + v) + 1. Suppose -s*o = 0, q = -o + 4*o + 7. What are the prime factors of q?
7
Let v(d) = d**3 - 11*d**2 - 14*d - 24. List the prime factors of v(13).
2, 3, 11
Let s(l) = -l**3 - 13*l**2 - 2*l - 5. What are the prime factors of s(-13)?
3, 7
Let y be (-423)/(-45) + (-6)/(-10). Suppose -y = -4*t + 2*t. List the prime factors of t.
5
Let r = -25 + 56. List the prime factors of r.
31
Suppose 3*q + 99 = 444. List the prime factors of q.
5, 23
Let z(a) = 2*a + 18. Let w be 8/32 + (-1)/4. List the prime factors of z(w).
2, 3
Suppose z + 3*y + y - 26 = 0, 2*y = 8. List the prime factors of z.
2, 5
Suppose l + 20 = -2*l - 5*b, -2*b = l + 8. Suppose 0 = -l*f - 3*f + 2